{"id":21,"date":"2017-02-26T09:53:33","date_gmt":"2017-02-26T08:53:33","guid":{"rendered":"http:\/\/s667130194.onlinehome.fr\/web\/?page_id=21"},"modified":"2017-04-16T20:20:09","modified_gmt":"2017-04-16T18:20:09","slug":"accueil","status":"publish","type":"page","link":"http:\/\/sangliersduferrain.com\/web\/","title":{"rendered":"Pr\u00e9sentation"},"content":{"rendered":"<p><img loading=\"lazy\" class=\"size-medium wp-image-7 aligncenter\" src=\"http:\/\/s667130194.onlinehome.fr\/web\/wp-content\/uploads\/2017\/02\/ferez-300x47.gif\" alt=\"\" width=\"300\" height=\"47\" \/><\/p>\n<p style=\"text-align: center;\"><span style=\"font-size: 8pt;\"><em><span style=\"color: #ff6600;\">(Frappez ! Qu&rsquo;aucun de vous ne faiblisse !) <\/span><\/em><\/span><\/p>\n<p style=\"padding-left: 30px;\">\u00a0La Ghilde des Sangliers<img loading=\"lazy\" class=\"alignleft wp-image-675\" src=\"http:\/\/s667130194.onlinehome.fr\/web\/wp-content\/uploads\/DSCN6883-300x225.jpg\" alt=\"\" width=\"752\" height=\"564\" srcset=\"http:\/\/sangliersduferrain.com\/web\/wp-content\/uploads\/DSCN6883-300x225.jpg 300w, http:\/\/sangliersduferrain.com\/web\/wp-content\/uploads\/DSCN6883-768x576.jpg 768w, http:\/\/sangliersduferrain.com\/web\/wp-content\/uploads\/DSCN6883-1024x768.jpg 1024w\" sizes=\"(max-width: 752px) 100vw, 752px\" \/> du Ferrain pr\u00e9sente une compagnie de mercenaires flamants entre la fin du XIIIe si\u00e8cle et le d\u00e9but du XIVe.<\/p>\n<p>&nbsp;<\/p>\n<p>Compos\u00e9e de petits nobles sans fiefs et de soudoyers en mal d\u2019aventure, cette troupe conna\u00eet de tumultueuses aventures.<\/p>\n<p>Elle \u00e9voque un extraordinaire tableau du monde m\u00e9di\u00e9val, de ses passions, de ses valeurs pour faire vivre la vie d\u2019une formation de gens de guerre, menant \u00e0 leur suite femmes, enfants et clercs.<\/p>\n<p style=\"padding-left: 30px;\">Entra\u00een\u00e9s par une communaut\u00e9 de destins, chevaliers, hommes d\u2019armes, bateleurs, moines, forgerons, ribaudes et vilains pr\u00e9sentent au public une spirale de sc\u00e8nes pittoresques qui donnent \u00e0 cette fresque le go\u00fbt d\u2019une vibrante authenticit\u00e9.<\/p>\n<p>&nbsp;<\/p>\n<blockquote>\n<p style=\"padding-left: 30px;\">Cr\u00e9e en 1991, la Ghilde des Sangliers du Ferrain est une association loi 1901.<\/p>\n<p>Elle regroupe une trentaine de passionn\u00e9s par l\u2019histoire et l\u2019animation m\u00e9di\u00e9vale. La troupe pr\u00e9sente un r\u00e9pertoire compos\u00e9 de combats r\u00e9alistes et de sc\u00e8nes de la vie quotidienne. Le camp est en interactivit\u00e9 permanente avec le public \u00e0 travers les saynettes et les diff\u00e9rents ateliers.<\/p><\/blockquote>\n","protected":false},"excerpt":{"rendered":"<p>(Frappez ! Qu&rsquo;aucun de vous ne faiblisse !) \u00a0La Ghilde des Sangliers du Ferrain pr\u00e9sente une compagnie de mercenaires flamants entre la fin du XIIIe si\u00e8cle et le d\u00e9but du XIVe. &nbsp; Compos\u00e9e de petits nobles sans fiefs et de soudoyers en mal d\u2019aventure, cette troupe conna\u00eet de tumultueuses aventures. Elle \u00e9voque un extraordinaire tableau [&hellip;]<\/p>\n","protected":false},"author":2,"featured_media":0,"parent":0,"menu_order":0,"comment_status":"closed","ping_status":"closed","template":"","meta":[],"_links":{"self":[{"href":"http:\/\/sangliersduferrain.com\/web\/wp-json\/wp\/v2\/pages\/21"}],"collection":[{"href":"http:\/\/sangliersduferrain.com\/web\/wp-json\/wp\/v2\/pages"}],"about":[{"href":"http:\/\/sangliersduferrain.com\/web\/wp-json\/wp\/v2\/types\/page"}],"author":[{"embeddable":true,"href":"http:\/\/sangliersduferrain.com\/web\/wp-json\/wp\/v2\/users\/2"}],"replies":[{"embeddable":true,"href":"http:\/\/sangliersduferrain.com\/web\/wp-json\/wp\/v2\/comments?post=21"}],"version-history":[{"count":28,"href":"http:\/\/sangliersduferrain.com\/web\/wp-json\/wp\/v2\/pages\/21\/revisions"}],"predecessor-version":[{"id":689,"href":"http:\/\/sangliersduferrain.com\/web\/wp-json\/wp\/v2\/pages\/21\/revisions\/689"}],"wp:attachment":[{"href":"http:\/\/sangliersduferrain.com\/web\/wp-json\/wp\/v2\/media?parent=21"}],"curies":[{"name":"wp","href":"https:\/\/api.w.org\/{rel}","templated":true}]}}

Présentation

<p><img loading="lazy" class="size-medium wp-image-7 aligncenter" src="http://s667130194.onlinehome.fr/web/wp-content/uploads/2017/02/ferez-300x47.gif" alt="" width="300" height="47" /></p>
<p style="text-align: center;"><span style="font-size: 8pt;"><em><span style="color: #ff6600;">(Frappez ! Qu&rsquo;aucun de vous ne faiblisse !) </span></em></span></p>
<p style="padding-left: 30px;"> La Ghilde des Sangliers<img loading="lazy" class="alignleft wp-image-675" src="http://s667130194.onlinehome.fr/web/wp-content/uploads/DSCN6883-300x225.jpg" alt="" width="752" height="564" srcset="http://sangliersduferrain.com/web/wp-content/uploads/DSCN6883-300x225.jpg 300w, http://sangliersduferrain.com/web/wp-content/uploads/DSCN6883-768x576.jpg 768w, http://sangliersduferrain.com/web/wp-content/uploads/DSCN6883-1024x768.jpg 1024w" sizes="(max-width: 752px) 100vw, 752px" /> du Ferrain présente une compagnie de mercenaires flamants entre la fin du XIIIe siècle et le début du XIVe.</p>
<p>&nbsp;</p>
<p>Composée de petits nobles sans fiefs et de soudoyers en mal d’aventure, cette troupe connaît de tumultueuses aventures.</p>
<p>Elle évoque un extraordinaire tableau du monde médiéval, de ses passions, de ses valeurs pour faire vivre la vie d’une formation de gens de guerre, menant à leur suite femmes, enfants et clercs.</p>
<p style="padding-left: 30px;">Entraînés par une communauté de destins, chevaliers, hommes d’armes, bateleurs, moines, forgerons, ribaudes et vilains présentent au public une spirale de scènes pittoresques qui donnent à cette fresque le goût d’une vibrante authenticité.</p>
<p>&nbsp;</p>
<blockquote>
<p style="padding-left: 30px;">Crée en 1991, la Ghilde des Sangliers du Ferrain est une association loi 1901.</p>
<p>Elle regroupe une trentaine de passionnés par l’histoire et l’animation médiévale. La troupe présente un répertoire composé de combats réalistes et de scènes de la vie quotidienne. Le camp est en interactivité permanente avec le public à travers les saynettes et les différents ateliers.</p></blockquote>

<p>(Frappez ! Qu&rsquo;aucun de vous ne faiblisse !)  La Ghilde des Sangliers du Ferrain présente une compagnie de mercenaires flamants entre la fin du XIIIe siècle et le début du XIVe. &nbsp; Composée de petits nobles sans fiefs et de soudoyers en mal d’aventure, cette troupe connaît de tumultueuses aventures. Elle évoque un extraordinaire tableau [&hellip;]</p>
