{"id":333,"date":"2017-03-04T18:16:30","date_gmt":"2017-03-04T17:16:30","guid":{"rendered":"http:\/\/s667130194.onlinehome.fr\/web\/?page_id=333"},"modified":"2018-02-19T18:01:22","modified_gmt":"2018-02-19T17:01:22","slug":"liens","status":"publish","type":"page","link":"http:\/\/sangliersduferrain.com\/web\/liens\/","title":{"rendered":"Liens"},"content":{"rendered":"<p><a href=\"https:\/\/www.him-mag.com\/\">Histoire et Images M\u00e9di\u00e9vales<\/a><\/p>\n<p><a href=\"https:\/\/www.mairie-dourdan.fr\/culture-et-patrimoine\/chateau-musee\">Ch\u00e2teau de Dourdan<\/a><\/p>\n<p><a href=\"http:\/\/www.rommelpot.com\/\">Rommelpot<\/a><\/p>\n<p><a href=\"http:\/\/compagnie-france.assos-caudry.fr\/index.html\">La Compagnie de France<\/a><\/p>\n<p><a href=\"http:\/\/effigiesandbrasses.com\/\">Effigies &amp; Brasses<\/a><\/p>\n","protected":false},"excerpt":{"rendered":"<p>Histoire et Images M\u00e9di\u00e9vales Ch\u00e2teau de Dourdan Rommelpot La Compagnie de France Effigies &amp; Brasses<\/p>\n","protected":false},"author":2,"featured_media":0,"parent":0,"menu_order":0,"comment_status":"closed","ping_status":"closed","template":"","meta":[],"_links":{"self":[{"href":"http:\/\/sangliersduferrain.com\/web\/wp-json\/wp\/v2\/pages\/333"}],"collection":[{"href":"http:\/\/sangliersduferrain.com\/web\/wp-json\/wp\/v2\/pages"}],"about":[{"href":"http:\/\/sangliersduferrain.com\/web\/wp-json\/wp\/v2\/types\/page"}],"author":[{"embeddable":true,"href":"http:\/\/sangliersduferrain.com\/web\/wp-json\/wp\/v2\/users\/2"}],"replies":[{"embeddable":true,"href":"http:\/\/sangliersduferrain.com\/web\/wp-json\/wp\/v2\/comments?post=333"}],"version-history":[{"count":10,"href":"http:\/\/sangliersduferrain.com\/web\/wp-json\/wp\/v2\/pages\/333\/revisions"}],"predecessor-version":[{"id":718,"href":"http:\/\/sangliersduferrain.com\/web\/wp-json\/wp\/v2\/pages\/333\/revisions\/718"}],"wp:attachment":[{"href":"http:\/\/sangliersduferrain.com\/web\/wp-json\/wp\/v2\/media?parent=333"}],"curies":[{"name":"wp","href":"https:\/\/api.w.org\/{rel}","templated":true}]}}