{"id":335,"date":"2017-03-04T18:16:42","date_gmt":"2017-03-04T17:16:42","guid":{"rendered":"http:\/\/s667130194.onlinehome.fr\/web\/?page_id=335"},"modified":"2017-04-13T17:19:09","modified_gmt":"2017-04-13T15:19:09","slug":"contact","status":"publish","type":"page","link":"http:\/\/sangliersduferrain.com\/web\/contact\/","title":{"rendered":"Contact"},"content":{"rendered":"<h3 style=\"text-align: center;\"><span style=\"text-decoration: underline;\"><strong>Ghilde des Sangliers du Ferrain<\/strong><\/span><\/h3>\n<p style=\"text-align: center;\"><strong><br \/>\n445ter rue des Trois Pierres<br \/>\n59200 TOURCOING<br \/>\nT\u00e9l : 03 20 76 85 43\u00a0 ou 07 82 92\u00a0 89 83<br \/>\n<\/strong><\/p>\n<p style=\"text-align: center;\"><span style=\"text-decoration: underline;\">par courrier \u00e9lectronique:<\/span><br \/>\n<a href=\"mailto:contact@sangliersduferrain.com\">contact@sangliersduferrain.com<\/a><\/p>\n<p style=\"text-align: center;\"><a href=\"http:\/\/s667130194.onlinehome.fr\/web\/wp-content\/uploads\/2017\/02\/Brochure.pdf\" target=\"_blank\">T\u00e9l\u00e9chargez notre brochure au format pdf<\/a><\/p>\n","protected":false},"excerpt":{"rendered":"<p>Ghilde des Sangliers du Ferrain 445ter rue des Trois Pierres 59200 TOURCOING T\u00e9l : 03 20 76 85 43\u00a0 ou 07 82 92\u00a0 89 83 par courrier \u00e9lectronique: contact@sangliersduferrain.com T\u00e9l\u00e9chargez notre brochure au format pdf<\/p>\n","protected":false},"author":2,"featured_media":0,"parent":0,"menu_order":0,"comment_status":"closed","ping_status":"closed","template":"","meta":[],"_links":{"self":[{"href":"http:\/\/sangliersduferrain.com\/web\/wp-json\/wp\/v2\/pages\/335"}],"collection":[{"href":"http:\/\/sangliersduferrain.com\/web\/wp-json\/wp\/v2\/pages"}],"about":[{"href":"http:\/\/sangliersduferrain.com\/web\/wp-json\/wp\/v2\/types\/page"}],"author":[{"embeddable":true,"href":"http:\/\/sangliersduferrain.com\/web\/wp-json\/wp\/v2\/users\/2"}],"replies":[{"embeddable":true,"href":"http:\/\/sangliersduferrain.com\/web\/wp-json\/wp\/v2\/comments?post=335"}],"version-history":[{"count":5,"href":"http:\/\/sangliersduferrain.com\/web\/wp-json\/wp\/v2\/pages\/335\/revisions"}],"predecessor-version":[{"id":490,"href":"http:\/\/sangliersduferrain.com\/web\/wp-json\/wp\/v2\/pages\/335\/revisions\/490"}],"wp:attachment":[{"href":"http:\/\/sangliersduferrain.com\/web\/wp-json\/wp\/v2\/media?parent=335"}],"curies":[{"name":"wp","href":"https:\/\/api.w.org\/{rel}","templated":true}]}}