{"id":589,"date":"2017-04-13T16:48:17","date_gmt":"2017-04-13T14:48:17","guid":{"rendered":"http:\/\/s667130194.onlinehome.fr\/web\/?page_id=589"},"modified":"2017-09-11T18:04:46","modified_gmt":"2017-09-11T16:04:46","slug":"herboristerie-et-chirurgie","status":"publish","type":"page","link":"http:\/\/sangliersduferrain.com\/web\/herboristerie-et-chirurgie\/","title":{"rendered":"Herboristerie et chirurgie"},"content":{"rendered":"<div id=\"global\">\n<div id=\"ln_1\" class=\"ln\">\n<div id=\"cl_1_0\" class=\"cl\">\n<div class=\"column_content\">\n<div class=\"articles extraits\">\n<div>\n<div id=\"article1\" class=\"article article_even\">\n<div class=\"contenuArticle\">\n<div class=\"ob-sections\">\n<div class=\"ob-section ob-section-html\">\n<p style=\"text-align: left;\">Au Moyen Age, dans un premier t<img loading=\"lazy\" class=\"wp-image-537 alignleft\" src=\"http:\/\/s667130194.onlinehome.fr\/web\/wp-content\/uploads\/2017\/02\/DSCN6418-300x225.jpeg\" alt=\"\" width=\"532\" height=\"399\" srcset=\"http:\/\/sangliersduferrain.com\/web\/wp-content\/uploads\/2017\/02\/DSCN6418-300x225.jpeg 300w, http:\/\/sangliersduferrain.com\/web\/wp-content\/uploads\/2017\/02\/DSCN6418-768x576.jpeg 768w, http:\/\/sangliersduferrain.com\/web\/wp-content\/uploads\/2017\/02\/DSCN6418-1024x768.jpeg 1024w\" sizes=\"(max-width: 532px) 100vw, 532px\" \/>emps, le clerg\u00e9 va mettre la main sur la m\u00e9decine savante\u00a0; la bataille avec les corporations m\u00e9dicales la\u00efques durera de nombreux si\u00e8cles et les \u00ab\u00a0sorciers\u00a0\u00bb et \u00ab\u00a0sorci\u00e8res\u00a0\u00bb, individus non organis\u00e9s, en seront les victimes. Les monast\u00e8res sont alors d\u00e9positaires de nombreuses traditions et de secrets concernant les plantes m\u00e9dicinales.<\/p>\n<p style=\"text-align: left;\">Les connaissances des simples est la base de la pharmacop\u00e9e m\u00e9di\u00e9vale. L&rsquo;atelier herboristerie a pour but de faire d\u00e9couvrir au public la diversit\u00e9 des plantes m\u00e9dicinales, leur utilisations, mais \u00e9galement les croyances populaires et religieuses qui leur sont attach\u00e9es.<\/p>\n<p style=\"text-align: left;\">L&rsquo;atelier chirurgie expose les savoirs, actes et pratiques de la chirurgie de guerre : diff\u00e9rents types d&rsquo;interventions, pr\u00e9sentation des instruments chirurgicaux et leurs utilisations. Sont \u00e9voqu\u00e9s \u00e9galement les blessures et cons\u00e9quences des armes utilis\u00e9es en combats.<\/p>\n\n\t\t<style type=\"text\/css\">\n\t\t\t#gallery-1 {\n\t\t\t\tmargin: auto;\n\t\t\t}\n\t\t\t#gallery-1 .gallery-item {\n\t\t\t\tfloat: left;\n\t\t\t\tmargin-top: 10px;\n\t\t\t\ttext-align: center;\n\t\t\t\twidth: 33%;\n\t\t\t}\n\t\t\t#gallery-1 img {\n\t\t\t\tborder: 2px solid #cfcfcf;\n\t\t\t}\n\t\t\t#gallery-1 .gallery-caption {\n\t\t\t\tmargin-left: 0;\n\t\t\t}\n\t\t\t\/* see gallery_shortcode() in wp-includes\/media.php *\/\n\t\t<\/style>\n\t\t<div id='gallery-1' class='gallery galleryid-589 gallery-columns-3 gallery-size-medium'><dl class='gallery-item'>\n\t\t\t<dt class='gallery-icon landscape'>\n\t\t\t\t<a href='http:\/\/sangliersduferrain.com\/web\/wp-content\/uploads\/DSCN6894-300x225.jpg' title=\"\" data-rl_title=\"\" class=\"rl-gallery-link\" data-rl_caption=\"\" data-rel=\"lightbox-gallery-1\"><img width=\"300\" height=\"225\" src=\"http:\/\/sangliersduferrain.com\/web\/wp-content\/uploads\/DSCN6894-300x225.jpg\" class=\"attachment-medium size-medium\" alt=\"\" loading=\"lazy\" srcset=\"http:\/\/sangliersduferrain.com\/web\/wp-content\/uploads\/DSCN6894-300x225.jpg 300w, http:\/\/sangliersduferrain.com\/web\/wp-content\/uploads\/DSCN6894-768x576.jpg 768w, http:\/\/sangliersduferrain.com\/web\/wp-content\/uploads\/DSCN6894-1024x768.jpg 1024w\" sizes=\"(max-width: 300px) 100vw, 300px\" \/><\/a>\n\t\t\t<\/dt><\/dl><dl class='gallery-item'>\n\t\t\t<dt class='gallery-icon landscape'>\n\t\t\t\t<a href='http:\/\/sangliersduferrain.com\/web\/wp-content\/uploads\/18952858_1899274063623051_402632557008047333_n-300x225.jpg' title=\"\" data-rl_title=\"\" class=\"rl-gallery-link\" data-rl_caption=\"\" data-rel=\"lightbox-gallery-1\"><img width=\"300\" height=\"225\" src=\"http:\/\/sangliersduferrain.com\/web\/wp-content\/uploads\/18952858_1899274063623051_402632557008047333_n-300x225.jpg\" class=\"attachment-medium size-medium\" alt=\"\" loading=\"lazy\" srcset=\"http:\/\/sangliersduferrain.com\/web\/wp-content\/uploads\/18952858_1899274063623051_402632557008047333_n-300x225.jpg 300w, http:\/\/sangliersduferrain.com\/web\/wp-content\/uploads\/18952858_1899274063623051_402632557008047333_n-768x576.jpg 768w, http:\/\/sangliersduferrain.com\/web\/wp-content\/uploads\/18952858_1899274063623051_402632557008047333_n.jpg 960w\" sizes=\"(max-width: 300px) 100vw, 300px\" \/><\/a>\n\t\t\t<\/dt><\/dl><dl class='gallery-item'>\n\t\t\t<dt class='gallery-icon landscape'>\n\t\t\t\t<a href='http:\/\/sangliersduferrain.com\/web\/wp-content\/uploads\/P1100724-300x225.jpg' title=\"\" data-rl_title=\"\" class=\"rl-gallery-link\" data-rl_caption=\"\" data-rel=\"lightbox-gallery-1\"><img width=\"300\" height=\"225\" src=\"http:\/\/sangliersduferrain.com\/web\/wp-content\/uploads\/P1100724-300x225.jpg\" class=\"attachment-medium size-medium\" alt=\"\" loading=\"lazy\" srcset=\"http:\/\/sangliersduferrain.com\/web\/wp-content\/uploads\/P1100724-300x225.jpg 300w, http:\/\/sangliersduferrain.com\/web\/wp-content\/uploads\/P1100724-768x576.jpg 768w, http:\/\/sangliersduferrain.com\/web\/wp-content\/uploads\/P1100724-1024x768.jpg 1024w\" sizes=\"(max-width: 300px) 100vw, 300px\" \/><\/a>\n\t\t\t<\/dt><\/dl><br style=\"clear: both\" \/>\n\t\t<\/div>\n\n<\/div>\n<div class=\"ob-section ob-section-html\"><\/div>\n<\/div>\n<\/div>\n<\/div>\n<\/div>\n<\/div>\n<\/div>\n<\/div>\n<\/div>\n<\/div>\n","protected":false},"excerpt":{"rendered":"<p>Au Moyen Age, dans un premier temps, le clerg\u00e9 va mettre la main sur la m\u00e9decine savante\u00a0; la bataille avec les corporations m\u00e9dicales la\u00efques durera de nombreux si\u00e8cles et les \u00ab\u00a0sorciers\u00a0\u00bb et \u00ab\u00a0sorci\u00e8res\u00a0\u00bb, individus non organis\u00e9s, en seront les victimes. Les monast\u00e8res sont alors d\u00e9positaires de nombreuses traditions et de secrets concernant les plantes m\u00e9dicinales. [&hellip;]<\/p>\n","protected":false},"author":2,"featured_media":0,"parent":0,"menu_order":0,"comment_status":"closed","ping_status":"closed","template":"","meta":[],"_links":{"self":[{"href":"http:\/\/sangliersduferrain.com\/web\/wp-json\/wp\/v2\/pages\/589"}],"collection":[{"href":"http:\/\/sangliersduferrain.com\/web\/wp-json\/wp\/v2\/pages"}],"about":[{"href":"http:\/\/sangliersduferrain.com\/web\/wp-json\/wp\/v2\/types\/page"}],"author":[{"embeddable":true,"href":"http:\/\/sangliersduferrain.com\/web\/wp-json\/wp\/v2\/users\/2"}],"replies":[{"embeddable":true,"href":"http:\/\/sangliersduferrain.com\/web\/wp-json\/wp\/v2\/comments?post=589"}],"version-history":[{"count":4,"href":"http:\/\/sangliersduferrain.com\/web\/wp-json\/wp\/v2\/pages\/589\/revisions"}],"predecessor-version":[{"id":696,"href":"http:\/\/sangliersduferrain.com\/web\/wp-json\/wp\/v2\/pages\/589\/revisions\/696"}],"wp:attachment":[{"href":"http:\/\/sangliersduferrain.com\/web\/wp-json\/wp\/v2\/media?parent=589"}],"curies":[{"name":"wp","href":"https:\/\/api.w.org\/{rel}","templated":true}]}}