{"id":593,"date":"2017-04-13T16:49:42","date_gmt":"2017-04-13T14:49:42","guid":{"rendered":"http:\/\/s667130194.onlinehome.fr\/web\/?page_id=593"},"modified":"2017-04-16T19:43:11","modified_gmt":"2017-04-16T17:43:11","slug":"cuir-et-haubergier","status":"publish","type":"page","link":"http:\/\/sangliersduferrain.com\/web\/cuir-et-haubergier\/","title":{"rendered":"Cuir et haubergier"},"content":{"rendered":"<p><img loading=\"lazy\" class=\" wp-image-259 alignleft\" src=\"http:\/\/s667130194.onlinehome.fr\/web\/wp-content\/uploads\/2017\/02\/220-300x225.jpg\" alt=\"\" width=\"605\" height=\"454\" srcset=\"http:\/\/sangliersduferrain.com\/web\/wp-content\/uploads\/2017\/02\/220-300x225.jpg 300w, http:\/\/sangliersduferrain.com\/web\/wp-content\/uploads\/2017\/02\/220-768x576.jpg 768w, http:\/\/sangliersduferrain.com\/web\/wp-content\/uploads\/2017\/02\/220-1024x768.jpg 1024w\" sizes=\"(max-width: 605px) 100vw, 605px\" \/><\/p>\n<p style=\"text-align: left;\">Charg\u00e9 de la fabrication et de la r\u00e9paration des cottes de mailles, le haubergier suit la troupe dans toutes ses campagnes militaires.<\/p>\n<p style=\"text-align: left;\">Renforc\u00e9e ou non, cette protection de corps s&rsquo;est impos\u00e9e durant les guerres m\u00e9di\u00e9vales.<\/p>\n<p style=\"text-align: left;\">On vient le voir pour rapi\u00e9cer les hauberts mis a mal pendant les affrontements ou pour un ajustement, avant que l\u2019assaut ne soit donn\u00e9.<\/p>\n<p class=\"western\" style=\"text-align: left;\">De la ceinture \u00e0 la d\u00e9fense de corps, le cuir est pr\u00e9sent dans le quotidien m\u00e9di\u00e9val.<\/p>\n<p class=\"western\" style=\"text-align: left;\">\nFaire r\u00e9parer ses bottes apr\u00e8s une longue marche, une sangle ou acheter une bourse, \u00e0 chacun de n\u00e9gocier au mieux de ses int\u00e9r\u00eats.<\/p>\n\n\t\t<style type=\"text\/css\">\n\t\t\t#gallery-1 {\n\t\t\t\tmargin: auto;\n\t\t\t}\n\t\t\t#gallery-1 .gallery-item {\n\t\t\t\tfloat: left;\n\t\t\t\tmargin-top: 10px;\n\t\t\t\ttext-align: center;\n\t\t\t\twidth: 33%;\n\t\t\t}\n\t\t\t#gallery-1 img {\n\t\t\t\tborder: 2px solid #cfcfcf;\n\t\t\t}\n\t\t\t#gallery-1 .gallery-caption {\n\t\t\t\tmargin-left: 0;\n\t\t\t}\n\t\t\t\/* see gallery_shortcode() in wp-includes\/media.php *\/\n\t\t<\/style>\n\t\t<div id='gallery-1' class='gallery galleryid-593 gallery-columns-3 gallery-size-medium'><dl class='gallery-item'>\n\t\t\t<dt class='gallery-icon landscape'>\n\t\t\t\t<a href='http:\/\/sangliersduferrain.com\/web\/wp-content\/uploads\/P1090787-300x225.jpg' title=\"\" data-rl_title=\"\" class=\"rl-gallery-link\" data-rl_caption=\"\" data-rel=\"lightbox-gallery-1\"><img width=\"300\" height=\"225\" src=\"http:\/\/sangliersduferrain.com\/web\/wp-content\/uploads\/P1090787-300x225.jpg\" class=\"attachment-medium size-medium\" alt=\"\" loading=\"lazy\" srcset=\"http:\/\/sangliersduferrain.com\/web\/wp-content\/uploads\/P1090787-300x225.jpg 300w, http:\/\/sangliersduferrain.com\/web\/wp-content\/uploads\/P1090787-768x576.jpg 768w, http:\/\/sangliersduferrain.com\/web\/wp-content\/uploads\/P1090787-1024x768.jpg 1024w\" sizes=\"(max-width: 300px) 100vw, 300px\" \/><\/a>\n\t\t\t<\/dt><\/dl><dl class='gallery-item'>\n\t\t\t<dt class='gallery-icon landscape'>\n\t\t\t\t<a href='http:\/\/sangliersduferrain.com\/web\/wp-content\/uploads\/2017\/02\/bst05057-300x199.jpg' title=\"\" data-rl_title=\"\" class=\"rl-gallery-link\" data-rl_caption=\"\" data-rel=\"lightbox-gallery-1\"><img width=\"300\" height=\"199\" src=\"http:\/\/sangliersduferrain.com\/web\/wp-content\/uploads\/2017\/02\/bst05057-300x199.jpg\" class=\"attachment-medium size-medium\" alt=\"\" loading=\"lazy\" srcset=\"http:\/\/sangliersduferrain.com\/web\/wp-content\/uploads\/2017\/02\/bst05057-300x199.jpg 300w, http:\/\/sangliersduferrain.com\/web\/wp-content\/uploads\/2017\/02\/bst05057-768x511.jpg 768w, http:\/\/sangliersduferrain.com\/web\/wp-content\/uploads\/2017\/02\/bst05057-1024x681.jpg 1024w\" sizes=\"(max-width: 300px) 100vw, 300px\" \/><\/a>\n\t\t\t<\/dt><\/dl><dl class='gallery-item'>\n\t\t\t<dt class='gallery-icon landscape'>\n\t\t\t\t<a href='http:\/\/sangliersduferrain.com\/web\/wp-content\/uploads\/2017\/02\/DSCN1416-2-300x225.jpg' title=\"\" data-rl_title=\"\" class=\"rl-gallery-link\" data-rl_caption=\"\" data-rel=\"lightbox-gallery-1\"><img width=\"300\" height=\"225\" src=\"http:\/\/sangliersduferrain.com\/web\/wp-content\/uploads\/2017\/02\/DSCN1416-2-300x225.jpg\" class=\"attachment-medium size-medium\" alt=\"\" loading=\"lazy\" srcset=\"http:\/\/sangliersduferrain.com\/web\/wp-content\/uploads\/2017\/02\/DSCN1416-2-300x225.jpg 300w, http:\/\/sangliersduferrain.com\/web\/wp-content\/uploads\/2017\/02\/DSCN1416-2-768x576.jpg 768w, http:\/\/sangliersduferrain.com\/web\/wp-content\/uploads\/2017\/02\/DSCN1416-2-1024x768.jpg 1024w, http:\/\/sangliersduferrain.com\/web\/wp-content\/uploads\/2017\/02\/DSCN1416-2.jpg 1156w\" sizes=\"(max-width: 300px) 100vw, 300px\" \/><\/a>\n\t\t\t<\/dt><\/dl><br style=\"clear: both\" \/>\n\t\t<\/div>\n\n","protected":false},"excerpt":{"rendered":"<p>Charg\u00e9 de la fabrication et de la r\u00e9paration des cottes de mailles, le haubergier suit la troupe dans toutes ses campagnes militaires. Renforc\u00e9e ou non, cette protection de corps s&rsquo;est impos\u00e9e durant les guerres m\u00e9di\u00e9vales. On vient le voir pour rapi\u00e9cer les hauberts mis a mal pendant les affrontements ou pour un ajustement, avant que [&hellip;]<\/p>\n","protected":false},"author":2,"featured_media":0,"parent":0,"menu_order":0,"comment_status":"closed","ping_status":"closed","template":"","meta":[],"_links":{"self":[{"href":"http:\/\/sangliersduferrain.com\/web\/wp-json\/wp\/v2\/pages\/593"}],"collection":[{"href":"http:\/\/sangliersduferrain.com\/web\/wp-json\/wp\/v2\/pages"}],"about":[{"href":"http:\/\/sangliersduferrain.com\/web\/wp-json\/wp\/v2\/types\/page"}],"author":[{"embeddable":true,"href":"http:\/\/sangliersduferrain.com\/web\/wp-json\/wp\/v2\/users\/2"}],"replies":[{"embeddable":true,"href":"http:\/\/sangliersduferrain.com\/web\/wp-json\/wp\/v2\/comments?post=593"}],"version-history":[{"count":4,"href":"http:\/\/sangliersduferrain.com\/web\/wp-json\/wp\/v2\/pages\/593\/revisions"}],"predecessor-version":[{"id":685,"href":"http:\/\/sangliersduferrain.com\/web\/wp-json\/wp\/v2\/pages\/593\/revisions\/685"}],"wp:attachment":[{"href":"http:\/\/sangliersduferrain.com\/web\/wp-json\/wp\/v2\/media?parent=593"}],"curies":[{"name":"wp","href":"https:\/\/api.w.org\/{rel}","templated":true}]}}