{"id":597,"date":"2017-04-13T16:50:51","date_gmt":"2017-04-13T14:50:51","guid":{"rendered":"http:\/\/s667130194.onlinehome.fr\/web\/?page_id=597"},"modified":"2018-12-05T19:12:22","modified_gmt":"2018-12-05T18:12:22","slug":"combats","status":"publish","type":"page","link":"http:\/\/sangliersduferrain.com\/web\/combats\/","title":{"rendered":"Combats"},"content":{"rendered":"<p class=\"western\">Les grands seigneurs devant la faiblesse de leurs effectifs, l\u2019indiscipline de la noblesse et le manque de combativit\u00e9 des bourgeois ont souvent recours \u00e0 des compagnies gag\u00e9es.<br \/>\n<img loading=\"lazy\" class=\"alignleft wp-image-642\" src=\"http:\/\/s667130194.onlinehome.fr\/web\/wp-content\/uploads\/SAM_5210-2-300x225.jpg\" alt=\"\" width=\"569\" height=\"427\" srcset=\"http:\/\/sangliersduferrain.com\/web\/wp-content\/uploads\/SAM_5210-2-300x225.jpg 300w, http:\/\/sangliersduferrain.com\/web\/wp-content\/uploads\/SAM_5210-2-768x576.jpg 768w, http:\/\/sangliersduferrain.com\/web\/wp-content\/uploads\/SAM_5210-2-1024x768.jpg 1024w, http:\/\/sangliersduferrain.com\/web\/wp-content\/uploads\/SAM_5210-2.jpg 1075w\" sizes=\"(max-width: 569px) 100vw, 569px\" \/><br \/>\nLe combat est donc l\u2019activit\u00e9 principale des hommes d\u2019armes et des chevaliers . Il permet de montrer sa vaillance, son exp\u00e9rience, sa fid\u00e9lit\u00e9 \u00e0 un chef ou \u00e0 sa foi. On y resserre les solidarit\u00e9s de lignage ou de compagnonnage.<\/p>\n<p>L\u2019entra\u00eenement collectif ou individuel est donc vital pour les hommes de la troupe.<\/p>\n<p>Chacun s\u2019exerce \u00e0 l\u2019\u00e9p\u00e9e \u00e0 une ou deux mains, au fl\u00e9au, \u00e0 la hache, aux armes d\u2019hast ou au tir pour les archers.<\/p>\n<p>Outre la pr\u00e9paration \u00e0 la guerre, les entra\u00eenements peuvent donner lieu \u00e0 des jeux, permettant de faire montre de hardiesse. On doit garder intacte une habilet\u00e9 prompte \u00e0 remplir sa bourse et \u00e0 conserver sa vie.<\/p>\n<p class=\"western\">Estour courtois ou \u00e0 outrance , diff\u00e9rents combats s\u2019encha\u00eenent en lice. L\u2019affrontement final d\u00e9signera le vainqueur.<\/p>\n\n\t\t<style type=\"text\/css\">\n\t\t\t#gallery-1 {\n\t\t\t\tmargin: auto;\n\t\t\t}\n\t\t\t#gallery-1 .gallery-item {\n\t\t\t\tfloat: left;\n\t\t\t\tmargin-top: 10px;\n\t\t\t\ttext-align: center;\n\t\t\t\twidth: 33%;\n\t\t\t}\n\t\t\t#gallery-1 img {\n\t\t\t\tborder: 2px solid #cfcfcf;\n\t\t\t}\n\t\t\t#gallery-1 .gallery-caption {\n\t\t\t\tmargin-left: 0;\n\t\t\t}\n\t\t\t\/* see gallery_shortcode() in wp-includes\/media.php *\/\n\t\t<\/style>\n\t\t<div id='gallery-1' class='gallery galleryid-597 gallery-columns-3 gallery-size-medium'><dl class='gallery-item'>\n\t\t\t<dt class='gallery-icon landscape'>\n\t\t\t\t<a href='http:\/\/sangliersduferrain.com\/web\/wp-content\/uploads\/IMG_5529.CR2_-300x216.jpg' title=\"\" data-rl_title=\"\" class=\"rl-gallery-link\" data-rl_caption=\"\" data-rel=\"lightbox-gallery-1\"><img width=\"300\" height=\"216\" src=\"http:\/\/sangliersduferrain.com\/web\/wp-content\/uploads\/IMG_5529.CR2_-300x216.jpg\" class=\"attachment-medium size-medium\" alt=\"\" loading=\"lazy\" srcset=\"http:\/\/sangliersduferrain.com\/web\/wp-content\/uploads\/IMG_5529.CR2_-300x216.jpg 300w, http:\/\/sangliersduferrain.com\/web\/wp-content\/uploads\/IMG_5529.CR2_-768x554.jpg 768w, http:\/\/sangliersduferrain.com\/web\/wp-content\/uploads\/IMG_5529.CR2_-1024x739.jpg 1024w\" sizes=\"(max-width: 300px) 100vw, 300px\" \/><\/a>\n\t\t\t<\/dt><\/dl><dl class='gallery-item'>\n\t\t\t<dt class='gallery-icon landscape'>\n\t\t\t\t<a href='http:\/\/sangliersduferrain.com\/web\/wp-content\/uploads\/P1090797-300x225.jpg' title=\"\" data-rl_title=\"\" class=\"rl-gallery-link\" data-rl_caption=\"\" data-rel=\"lightbox-gallery-1\"><img width=\"300\" height=\"225\" src=\"http:\/\/sangliersduferrain.com\/web\/wp-content\/uploads\/P1090797-300x225.jpg\" class=\"attachment-medium size-medium\" alt=\"\" loading=\"lazy\" srcset=\"http:\/\/sangliersduferrain.com\/web\/wp-content\/uploads\/P1090797-300x225.jpg 300w, http:\/\/sangliersduferrain.com\/web\/wp-content\/uploads\/P1090797-768x576.jpg 768w, http:\/\/sangliersduferrain.com\/web\/wp-content\/uploads\/P1090797-1024x768.jpg 1024w\" sizes=\"(max-width: 300px) 100vw, 300px\" \/><\/a>\n\t\t\t<\/dt><\/dl><dl class='gallery-item'>\n\t\t\t<dt class='gallery-icon landscape'>\n\t\t\t\t<a href='http:\/\/sangliersduferrain.com\/web\/wp-content\/uploads\/36188507_1701708069925625_266594852060266496_n-300x208.jpg' title=\"\" data-rl_title=\"\" class=\"rl-gallery-link\" data-rl_caption=\"\" data-rel=\"lightbox-gallery-1\"><img width=\"300\" height=\"208\" src=\"http:\/\/sangliersduferrain.com\/web\/wp-content\/uploads\/36188507_1701708069925625_266594852060266496_n-300x208.jpg\" class=\"attachment-medium size-medium\" alt=\"\" loading=\"lazy\" srcset=\"http:\/\/sangliersduferrain.com\/web\/wp-content\/uploads\/36188507_1701708069925625_266594852060266496_n-300x208.jpg 300w, http:\/\/sangliersduferrain.com\/web\/wp-content\/uploads\/36188507_1701708069925625_266594852060266496_n.jpg 720w\" sizes=\"(max-width: 300px) 100vw, 300px\" \/><\/a>\n\t\t\t<\/dt><\/dl><br style=\"clear: both\" \/><dl class='gallery-item'>\n\t\t\t<dt class='gallery-icon landscape'>\n\t\t\t\t<a href='http:\/\/sangliersduferrain.com\/web\/wp-content\/uploads\/IMG_5899.CR2-2-300x200.jpg' title=\"\" data-rl_title=\"\" class=\"rl-gallery-link\" data-rl_caption=\"\" data-rel=\"lightbox-gallery-1\"><img width=\"300\" height=\"200\" src=\"http:\/\/sangliersduferrain.com\/web\/wp-content\/uploads\/IMG_5899.CR2-2-300x200.jpg\" class=\"attachment-medium size-medium\" alt=\"\" loading=\"lazy\" srcset=\"http:\/\/sangliersduferrain.com\/web\/wp-content\/uploads\/IMG_5899.CR2-2-300x200.jpg 300w, http:\/\/sangliersduferrain.com\/web\/wp-content\/uploads\/IMG_5899.CR2-2-768x512.jpg 768w, http:\/\/sangliersduferrain.com\/web\/wp-content\/uploads\/IMG_5899.CR2-2-1024x682.jpg 1024w\" sizes=\"(max-width: 300px) 100vw, 300px\" \/><\/a>\n\t\t\t<\/dt><\/dl><dl class='gallery-item'>\n\t\t\t<dt class='gallery-icon landscape'>\n\t\t\t\t<a href='http:\/\/sangliersduferrain.com\/web\/wp-content\/uploads\/P1100894-300x225.jpg' title=\"\" data-rl_title=\"\" class=\"rl-gallery-link\" data-rl_caption=\"\" data-rel=\"lightbox-gallery-1\"><img width=\"300\" height=\"225\" src=\"http:\/\/sangliersduferrain.com\/web\/wp-content\/uploads\/P1100894-300x225.jpg\" class=\"attachment-medium size-medium\" alt=\"\" loading=\"lazy\" srcset=\"http:\/\/sangliersduferrain.com\/web\/wp-content\/uploads\/P1100894-300x225.jpg 300w, http:\/\/sangliersduferrain.com\/web\/wp-content\/uploads\/P1100894-768x576.jpg 768w, http:\/\/sangliersduferrain.com\/web\/wp-content\/uploads\/P1100894-1024x768.jpg 1024w, http:\/\/sangliersduferrain.com\/web\/wp-content\/uploads\/P1100894.jpg 1814w\" sizes=\"(max-width: 300px) 100vw, 300px\" \/><\/a>\n\t\t\t<\/dt><\/dl><dl class='gallery-item'>\n\t\t\t<dt class='gallery-icon landscape'>\n\t\t\t\t<a href='http:\/\/sangliersduferrain.com\/web\/wp-content\/uploads\/P1100891-300x225.jpg' title=\"\" data-rl_title=\"\" class=\"rl-gallery-link\" data-rl_caption=\"\" data-rel=\"lightbox-gallery-1\"><img width=\"300\" height=\"225\" src=\"http:\/\/sangliersduferrain.com\/web\/wp-content\/uploads\/P1100891-300x225.jpg\" class=\"attachment-medium size-medium\" alt=\"\" loading=\"lazy\" srcset=\"http:\/\/sangliersduferrain.com\/web\/wp-content\/uploads\/P1100891-300x225.jpg 300w, http:\/\/sangliersduferrain.com\/web\/wp-content\/uploads\/P1100891-768x576.jpg 768w, http:\/\/sangliersduferrain.com\/web\/wp-content\/uploads\/P1100891-1024x768.jpg 1024w, http:\/\/sangliersduferrain.com\/web\/wp-content\/uploads\/P1100891.jpg 1329w\" sizes=\"(max-width: 300px) 100vw, 300px\" \/><\/a>\n\t\t\t<\/dt><\/dl><br style=\"clear: both\" \/><dl class='gallery-item'>\n\t\t\t<dt class='gallery-icon portrait'>\n\t\t\t\t<a href='http:\/\/sangliersduferrain.com\/web\/wp-content\/uploads\/SAM_5204-2-225x300.jpg' title=\"\" data-rl_title=\"\" class=\"rl-gallery-link\" data-rl_caption=\"\" data-rel=\"lightbox-gallery-1\"><img width=\"225\" height=\"300\" src=\"http:\/\/sangliersduferrain.com\/web\/wp-content\/uploads\/SAM_5204-2-225x300.jpg\" class=\"attachment-medium size-medium\" alt=\"\" loading=\"lazy\" srcset=\"http:\/\/sangliersduferrain.com\/web\/wp-content\/uploads\/SAM_5204-2-225x300.jpg 225w, http:\/\/sangliersduferrain.com\/web\/wp-content\/uploads\/SAM_5204-2-768x1025.jpg 768w, http:\/\/sangliersduferrain.com\/web\/wp-content\/uploads\/SAM_5204-2-767x1024.jpg 767w, http:\/\/sangliersduferrain.com\/web\/wp-content\/uploads\/SAM_5204-2.jpg 1050w\" sizes=\"(max-width: 225px) 100vw, 225px\" \/><\/a>\n\t\t\t<\/dt><\/dl><dl class='gallery-item'>\n\t\t\t<dt class='gallery-icon portrait'>\n\t\t\t\t<a href='http:\/\/sangliersduferrain.com\/web\/wp-content\/uploads\/34815551_10216305342328489_5056523142848053248_n-200x300.jpg' title=\"\" data-rl_title=\"\" class=\"rl-gallery-link\" data-rl_caption=\"\" data-rel=\"lightbox-gallery-1\"><img width=\"200\" height=\"300\" src=\"http:\/\/sangliersduferrain.com\/web\/wp-content\/uploads\/34815551_10216305342328489_5056523142848053248_n-200x300.jpg\" class=\"attachment-medium size-medium\" alt=\"\" loading=\"lazy\" srcset=\"http:\/\/sangliersduferrain.com\/web\/wp-content\/uploads\/34815551_10216305342328489_5056523142848053248_n-200x300.jpg 200w, http:\/\/sangliersduferrain.com\/web\/wp-content\/uploads\/34815551_10216305342328489_5056523142848053248_n.jpg 639w\" sizes=\"(max-width: 200px) 100vw, 200px\" \/><\/a>\n\t\t\t<\/dt><\/dl><dl class='gallery-item'>\n\t\t\t<dt class='gallery-icon portrait'>\n\t\t\t\t<a href='http:\/\/sangliersduferrain.com\/web\/wp-content\/uploads\/34686109_10216305349288663_8972906964539408384_n-200x300.jpg' title=\"\" data-rl_title=\"\" class=\"rl-gallery-link\" data-rl_caption=\"\" data-rel=\"lightbox-gallery-1\"><img width=\"200\" height=\"300\" src=\"http:\/\/sangliersduferrain.com\/web\/wp-content\/uploads\/34686109_10216305349288663_8972906964539408384_n-200x300.jpg\" class=\"attachment-medium size-medium\" alt=\"\" loading=\"lazy\" srcset=\"http:\/\/sangliersduferrain.com\/web\/wp-content\/uploads\/34686109_10216305349288663_8972906964539408384_n-200x300.jpg 200w, http:\/\/sangliersduferrain.com\/web\/wp-content\/uploads\/34686109_10216305349288663_8972906964539408384_n.jpg 639w\" sizes=\"(max-width: 200px) 100vw, 200px\" \/><\/a>\n\t\t\t<\/dt><\/dl><br style=\"clear: both\" \/>\n\t\t<\/div>\n\n<p class=\"western\">\n<div id=\"SL_balloon_obj\" style=\"display: block;\">\n<div id=\"SL_button\" class=\"SL_ImTranslatorLogo\" style=\"background: rgba(0, 0, 0, 0) url('moz-extension:\/\/1a0aea1f-2c56-429c-906b-2c03b50ebb43\/content\/img\/util\/imtranslator-s.png') repeat scroll 0% 0%; display: none; opacity: 1; left: 1357px; top: 585px;\"><\/div>\n<div id=\"SL_shadow_translation_result2\" style=\"display: none;\"><\/div>\n<div id=\"SL_shadow_translator\" style=\"display: none;\">\n<div id=\"SL_planshet\">\n<div id=\"SL_arrow_up\" style=\"background: rgba(0, 0, 0, 0) url('moz-extension:\/\/1a0aea1f-2c56-429c-906b-2c03b50ebb43\/content\/img\/util\/up.png') repeat scroll 0% 0%;\"><\/div>\n<div id=\"SL_Bproviders\">\n<div id=\"SL_P0\" class=\"SL_BL_LABLE_ON\" title=\"Google\">G<\/div>\n<div id=\"SL_P1\" class=\"SL_BL_LABLE_ON\" title=\"Microsoft\">M<\/div>\n<div id=\"SL_P2\" class=\"SL_BL_LABLE_ON\" title=\"Translator\">T<\/div>\n<\/div>\n<div id=\"SL_alert_bbl\" style=\"display: none;\">\n<div id=\"SLHKclose\" style=\"background: rgba(0, 0, 0, 0) url('moz-extension:\/\/1a0aea1f-2c56-429c-906b-2c03b50ebb43\/content\/img\/util\/delete.png') repeat scroll 0% 0%;\"><\/div>\n<div id=\"SL_alert_cont\"><\/div>\n<\/div>\n<div id=\"SL_TB\">\n<table id=\"SL_tables\" cellspacing=\"1\">\n<tr>\n<td class=\"SL_td\" align=\"right\" width=\"10%\"><input id=\"SL_locer\" title=\"Fixer la langue\" type=\"checkbox\" \/><\/td>\n<td class=\"SL_td\" align=\"left\" width=\"20%\"><select id=\"SL_lng_from\" style=\"background: #ffffff url('moz-extension:\/\/1a0aea1f-2c56-429c-906b-2c03b50ebb43\/content\/img\/util\/select.png') no-repeat scroll 100% 0px;\"><option value=\"auto\">D\u00e9tecter la langue<\/option><option value=\"af\">Afrikaans<\/option><option value=\"sq\">Albanais<\/option><option value=\"de\">Allemand<\/option><option value=\"am\">Amharique<\/option><option value=\"en\">Anglais<\/option><option value=\"ar\">Arabe<\/option><option value=\"hy\">Arm\u00e9nien<\/option><option value=\"az\">Az\u00e9ri<\/option><option value=\"eu\">Basque<\/option><option value=\"bn\">Bengali<\/option><option value=\"be\">Bi\u00e9lorusse<\/option><option value=\"my\">Birman<\/option><option value=\"bs\">Bosniaque<\/option><option value=\"bg\">Bulgare<\/option><option value=\"ca\">Catalan<\/option><option value=\"ceb\">Cebuano<\/option><option value=\"ny\">Chichewa<\/option><option value=\"zh-CN\">Chinois Simp<\/option><option value=\"zh-TW\">Chinois Trad<\/option><option value=\"si\">Cingalais<\/option><option value=\"ko\">Cor\u00e9en<\/option><option value=\"co\">Corse<\/option><option value=\"ht\">Cr\u00e9ole ha\u00eftien<\/option><option value=\"hr\">Croate<\/option><option value=\"da\">Danois<\/option><option value=\"es\">Espagnol<\/option><option value=\"eo\">Esp\u00e9ranto<\/option><option value=\"et\">Estonien<\/option><option value=\"fi\">Finnois<\/option><option value=\"fr\">Fran\u00e7ais<\/option><option value=\"fy\">Frison<\/option><option value=\"gd\">Ga\u00e9lique \u00c9cosse<\/option><option value=\"gl\">Galicien<\/option><option value=\"cy\">Gallois<\/option><option value=\"ka\">G\u00e9orgien<\/option><option value=\"el\">Grec<\/option><option value=\"gu\">Gudjarati<\/option><option value=\"ha\">Haoussa<\/option><option value=\"haw\">Hawa\u00efen<\/option><option value=\"iw\">H\u00e9breu<\/option><option value=\"hi\">Hindi<\/option><option value=\"hmn\">Hmong<\/option><option value=\"hu\">Hongrois<\/option><option value=\"ig\">Igbo<\/option><option value=\"id\">Indon\u00e9sien<\/option><option value=\"ga\">Irlandais<\/option><option value=\"is\">Islandais<\/option><option value=\"it\">Italien<\/option><option value=\"ja\">Japonais<\/option><option value=\"jw\">Javanais<\/option><option value=\"kn\">Kannada<\/option><option value=\"kk\">Kazakh<\/option><option value=\"km\">Khmer<\/option><option value=\"ky\">Kirghiz<\/option><option value=\"ku\">Kurde<\/option><option value=\"lo\">Laotien<\/option><option value=\"la\">Latin<\/option><option value=\"lv\">Letton<\/option><option value=\"lt\">Lituanien<\/option><option value=\"lb\">Luxembourgeois<\/option><option value=\"mk\">Mac\u00e9donien<\/option><option value=\"ms\">Malaisien<\/option><option value=\"ml\">Malayalam<\/option><option value=\"mg\">Malgache<\/option><option value=\"mt\">Maltais<\/option><option value=\"mi\">Maori<\/option><option value=\"mr\">Marathi<\/option><option value=\"mn\">Mongol<\/option><option value=\"nl\">N\u00e9erlandais<\/option><option value=\"ne\">N\u00e9palais<\/option><option value=\"no\">Norv\u00e9gien<\/option><option value=\"uz\">Ouzbek<\/option><option value=\"ps\">Pacht\u00f4<\/option><option value=\"pa\">Panjabi<\/option><option value=\"fa\">Persan<\/option><option value=\"pl\">Polonais<\/option><option value=\"pt\">Portugais<\/option><option value=\"ro\">Roumain<\/option><option value=\"ru\">Russe<\/option><option value=\"sm\">Samoan<\/option><option value=\"sr\">Serbe<\/option><option value=\"st\">Sesotho<\/option><option value=\"sn\">Shona<\/option><option value=\"sd\">Sindh\u00ee<\/option><option value=\"sk\">Slovaque<\/option><option value=\"sl\">Slov\u00e8ne<\/option><option value=\"so\">Somali<\/option><option value=\"su\">Soudanais<\/option><option value=\"sv\">Su\u00e9dois<\/option><option value=\"sw\">Swahili<\/option><option value=\"tg\">Tadjik<\/option><option value=\"tl\">Tagalog<\/option><option value=\"ta\">Tamoul<\/option><option value=\"cs\">Tch\u00e8que<\/option><option value=\"te\">Telugu<\/option><option value=\"th\">Tha\u00ef<\/option><option value=\"tr\">Turc<\/option><option value=\"uk\">Ukrainien<\/option><option value=\"ur\">Urdu<\/option><option value=\"vi\">Vietnamien<\/option><option value=\"xh\">Xhosa<\/option><option value=\"yi\">Yiddish<\/option><option value=\"yo\">Yorouba<\/option><option value=\"zu\">Zoulou<\/option><\/select><\/td>\n<td class=\"SL_td\" align=\"center\" width=\"3\">\n<div id=\"SL_switch_b\" style=\"background: rgba(0, 0, 0, 0) url('moz-extension:\/\/1a0aea1f-2c56-429c-906b-2c03b50ebb43\/content\/img\/util\/switchb.png') repeat scroll 0% 0%;\" title=\"Inverser les langues\"><\/div>\n<\/td>\n<td class=\"SL_td\" align=\"left\" width=\"20%\"><select id=\"SL_lng_to\" style=\"background: #ffffff url('moz-extension:\/\/1a0aea1f-2c56-429c-906b-2c03b50ebb43\/content\/img\/util\/select.png') no-repeat scroll 100% 0px;\"><option value=\"af\">Afrikaans<\/option><option value=\"sq\">Albanais<\/option><option value=\"de\">Allemand<\/option><option value=\"am\">Amharique<\/option><option value=\"en\">Anglais<\/option><option value=\"ar\">Arabe<\/option><option value=\"hy\">Arm\u00e9nien<\/option><option value=\"az\">Az\u00e9ri<\/option><option value=\"eu\">Basque<\/option><option value=\"bn\">Bengali<\/option><option value=\"be\">Bi\u00e9lorusse<\/option><option value=\"my\">Birman<\/option><option value=\"bs\">Bosniaque<\/option><option value=\"bg\">Bulgare<\/option><option value=\"ca\">Catalan<\/option><option value=\"ceb\">Cebuano<\/option><option value=\"ny\">Chichewa<\/option><option value=\"zh-CN\">Chinois Simp<\/option><option value=\"zh-TW\">Chinois Trad<\/option><option value=\"si\">Cingalais<\/option><option value=\"ko\">Cor\u00e9en<\/option><option value=\"co\">Corse<\/option><option value=\"ht\">Cr\u00e9ole ha\u00eftien<\/option><option value=\"hr\">Croate<\/option><option value=\"da\">Danois<\/option><option value=\"es\">Espagnol<\/option><option value=\"eo\">Esp\u00e9ranto<\/option><option value=\"et\">Estonien<\/option><option value=\"fi\">Finnois<\/option><option selected=\"selected\" value=\"fr\">Fran\u00e7ais<\/option><option value=\"fy\">Frison<\/option><option value=\"gd\">Ga\u00e9lique \u00c9cosse<\/option><option value=\"gl\">Galicien<\/option><option value=\"cy\">Gallois<\/option><option value=\"ka\">G\u00e9orgien<\/option><option value=\"el\">Grec<\/option><option value=\"gu\">Gudjarati<\/option><option value=\"ha\">Haoussa<\/option><option value=\"haw\">Hawa\u00efen<\/option><option value=\"iw\">H\u00e9breu<\/option><option value=\"hi\">Hindi<\/option><option value=\"hmn\">Hmong<\/option><option value=\"hu\">Hongrois<\/option><option value=\"ig\">Igbo<\/option><option value=\"id\">Indon\u00e9sien<\/option><option value=\"ga\">Irlandais<\/option><option value=\"is\">Islandais<\/option><option value=\"it\">Italien<\/option><option value=\"ja\">Japonais<\/option><option value=\"jw\">Javanais<\/option><option value=\"kn\">Kannada<\/option><option value=\"kk\">Kazakh<\/option><option value=\"km\">Khmer<\/option><option value=\"ky\">Kirghiz<\/option><option value=\"ku\">Kurde<\/option><option value=\"lo\">Laotien<\/option><option value=\"la\">Latin<\/option><option value=\"lv\">Letton<\/option><option value=\"lt\">Lituanien<\/option><option value=\"lb\">Luxembourgeois<\/option><option value=\"mk\">Mac\u00e9donien<\/option><option value=\"ms\">Malaisien<\/option><option value=\"ml\">Malayalam<\/option><option value=\"mg\">Malgache<\/option><option value=\"mt\">Maltais<\/option><option value=\"mi\">Maori<\/option><option value=\"mr\">Marathi<\/option><option value=\"mn\">Mongol<\/option><option value=\"nl\">N\u00e9erlandais<\/option><option value=\"ne\">N\u00e9palais<\/option><option value=\"no\">Norv\u00e9gien<\/option><option value=\"uz\">Ouzbek<\/option><option value=\"ps\">Pacht\u00f4<\/option><option value=\"pa\">Panjabi<\/option><option value=\"fa\">Persan<\/option><option value=\"pl\">Polonais<\/option><option value=\"pt\">Portugais<\/option><option value=\"ro\">Roumain<\/option><option value=\"ru\">Russe<\/option><option value=\"sm\">Samoan<\/option><option value=\"sr\">Serbe<\/option><option value=\"st\">Sesotho<\/option><option value=\"sn\">Shona<\/option><option value=\"sd\">Sindh\u00ee<\/option><option value=\"sk\">Slovaque<\/option><option value=\"sl\">Slov\u00e8ne<\/option><option value=\"so\">Somali<\/option><option value=\"su\">Soudanais<\/option><option value=\"sv\">Su\u00e9dois<\/option><option value=\"sw\">Swahili<\/option><option value=\"tg\">Tadjik<\/option><option value=\"tl\">Tagalog<\/option><option value=\"ta\">Tamoul<\/option><option value=\"cs\">Tch\u00e8que<\/option><option value=\"te\">Telugu<\/option><option value=\"th\">Tha\u00ef<\/option><option value=\"tr\">Turc<\/option><option value=\"uk\">Ukrainien<\/option><option value=\"ur\">Urdu<\/option><option value=\"vi\">Vietnamien<\/option><option value=\"xh\">Xhosa<\/option><option value=\"yi\">Yiddish<\/option><option value=\"yo\">Yorouba<\/option><option value=\"zu\">Zoulou<\/option><\/select><\/td>\n<td class=\"SL_td\" align=\"center\" width=\"8%\">\n<div id=\"SL_TTS_voice\" style=\"background: rgba(0, 0, 0, 0) url('moz-extension:\/\/1a0aea1f-2c56-429c-906b-2c03b50ebb43\/content\/img\/util\/ttsvoice.png') repeat scroll 0% 0%;\" title=\"undefined\"><\/div>\n<\/td>\n<td class=\"SL_td\" align=\"center\" width=\"8%\">\n<div id=\"SL_copy\" class=\"SL_copy\" style=\"background: rgba(0, 0, 0, 0) url('moz-extension:\/\/1a0aea1f-2c56-429c-906b-2c03b50ebb43\/content\/img\/util\/copy.png') repeat scroll 0% 0%;\" title=\"Copier\"><\/div>\n<\/td>\n<td class=\"SL_td\" align=\"center\" width=\"8%\">\n<div id=\"SL_bbl_font_patch\"><\/div>\n<div id=\"SL_bbl_font\" class=\"SL_bbl_font\" style=\"background: rgba(0, 0, 0, 0) url('moz-extension:\/\/1a0aea1f-2c56-429c-906b-2c03b50ebb43\/content\/img\/util\/font.png') repeat scroll 0% 0%;\" title=\"Taille de police\"><\/div>\n<\/td>\n<td class=\"SL_td\" align=\"center\" width=\"8%\">\n<div id=\"SL_bbl_help\" style=\"background: rgba(0, 0, 0, 0) url('moz-extension:\/\/1a0aea1f-2c56-429c-906b-2c03b50ebb43\/content\/img\/util\/bhelp.png') repeat scroll 0% 0%;\" title=\"Aide\"><\/div>\n<\/td>\n<td class=\"SL_td\" align=\"right\" width=\"15%\">\n<div id=\"SL_pin\" class=\"SL_pin_off\" style=\"background: rgba(0, 0, 0, 0) url('moz-extension:\/\/1a0aea1f-2c56-429c-906b-2c03b50ebb43\/content\/img\/util\/pin-on.png') repeat scroll 0% 0%;\" title=\"Fixer la fen\u00eatre pop-up\"><\/div>\n<\/td>\n<\/tr>\n<\/table>\n<\/div>\n<\/div>\n<div id=\"SL_shadow_translation_result\" style=\"visibility: visible;\"><\/div>\n<div id=\"SL_loading\" class=\"SL_loading\" style=\"background: rgba(0, 0, 0, 0) url('moz-extension:\/\/1a0aea1f-2c56-429c-906b-2c03b50ebb43\/content\/img\/util\/loading.gif') repeat scroll 0% 0%;\"><\/div>\n<div id=\"SL_player2\"><\/div>\n<div id=\"SL_alert100\">Fonction Sound est limit\u00e9e \u00e0 200 caract\u00e8res<\/div>\n<div id=\"SL_Balloon_options\" style=\"background: #ffffff url('moz-extension:\/\/1a0aea1f-2c56-429c-906b-2c03b50ebb43\/content\/img\/util\/bg3.png') repeat scroll 0% 0%;\">\n<div id=\"SL_arrow_down\" style=\"background: rgba(0, 0, 0, 0) url('moz-extension:\/\/1a0aea1f-2c56-429c-906b-2c03b50ebb43\/content\/img\/util\/down.png') repeat scroll 0% 0%;\"><\/div>\n<table id=\"SL_tbl_opt\" width=\"100%\">\n<tr>\n<td align=\"center\" width=\"5%\"><input id=\"SL_BBL_locer\" title=\"Afficher le bouton ImTranslator 3 secondes\" checked=\"checked\" type=\"checkbox\" \/><\/td>\n<td align=\"left\" width=\"5%\">\n<div id=\"SL_BBL_IMG\" style=\"background: rgba(0, 0, 0, 0) url('moz-extension:\/\/1a0aea1f-2c56-429c-906b-2c03b50ebb43\/content\/img\/util\/bbl-logo.png') repeat scroll 0% 0%;\" title=\"Afficher le bouton ImTranslator 3 secondes\"><\/div>\n<\/td>\n<td align=\"center\" width=\"70%\"><a class=\"SL_options\" title=\"Afficher les options\" href=\"moz-extension:\/\/1a0aea1f-2c56-429c-906b-2c03b50ebb43\/content\/html\/options\/options.html?bbl\" target=\"_blank\" rel=\"noopener\">Options<\/a> : <a class=\"SL_options\" title=\"Historique des traductions\" href=\"moz-extension:\/\/1a0aea1f-2c56-429c-906b-2c03b50ebb43\/content\/html\/options\/options.html?hist\" target=\"_blank\" rel=\"noopener\">Historique<\/a> : <a class=\"SL_options\" title=\"Commentaires\" href=\"moz-extension:\/\/1a0aea1f-2c56-429c-906b-2c03b50ebb43\/content\/html\/options\/options.html?feed\" target=\"_blank\" rel=\"noopener\">Commentaires<\/a> : <a class=\"SL_options\" title=\"Faire une contribution\" href=\"https:\/\/www.paypal.com\/cgi-bin\/webscr?cmd=_s-xclick&amp;hosted_button_id=GD9D8CPW8HFA2\" target=\"_blank\" rel=\"noopener\">Donate<\/a><\/td>\n<td align=\"right\" width=\"15%\"><span id=\"SL_Balloon_Close\" title=\"Fermer\">Fermer<\/span><\/td>\n<\/tr>\n<\/table>\n<\/div>\n<\/div>\n<\/div>\n","protected":false},"excerpt":{"rendered":"<p>Les grands seigneurs devant la faiblesse de leurs effectifs, l\u2019indiscipline de la noblesse et le manque de combativit\u00e9 des bourgeois ont souvent recours \u00e0 des compagnies gag\u00e9es. Le combat est donc l\u2019activit\u00e9 principale des hommes d\u2019armes et des chevaliers . Il permet de montrer sa vaillance, son exp\u00e9rience, sa fid\u00e9lit\u00e9 \u00e0 un chef ou \u00e0 [&hellip;]<\/p>\n","protected":false},"author":2,"featured_media":0,"parent":0,"menu_order":0,"comment_status":"closed","ping_status":"closed","template":"","meta":[],"_links":{"self":[{"href":"http:\/\/sangliersduferrain.com\/web\/wp-json\/wp\/v2\/pages\/597"}],"collection":[{"href":"http:\/\/sangliersduferrain.com\/web\/wp-json\/wp\/v2\/pages"}],"about":[{"href":"http:\/\/sangliersduferrain.com\/web\/wp-json\/wp\/v2\/types\/page"}],"author":[{"embeddable":true,"href":"http:\/\/sangliersduferrain.com\/web\/wp-json\/wp\/v2\/users\/2"}],"replies":[{"embeddable":true,"href":"http:\/\/sangliersduferrain.com\/web\/wp-json\/wp\/v2\/comments?post=597"}],"version-history":[{"count":8,"href":"http:\/\/sangliersduferrain.com\/web\/wp-json\/wp\/v2\/pages\/597\/revisions"}],"predecessor-version":[{"id":725,"href":"http:\/\/sangliersduferrain.com\/web\/wp-json\/wp\/v2\/pages\/597\/revisions\/725"}],"wp:attachment":[{"href":"http:\/\/sangliersduferrain.com\/web\/wp-json\/wp\/v2\/media?parent=597"}],"curies":[{"name":"wp","href":"https:\/\/api.w.org\/{rel}","templated":true}]}}